{"id":8034,"date":"2022-10-03T22:02:53","date_gmt":"2022-10-03T20:02:53","guid":{"rendered":"https:\/\/web2.upnfm.edu.hn\/face\/?page_id=8034"},"modified":"2023-03-15T08:55:15","modified_gmt":"2023-03-15T14:55:15","slug":"docentes","status":"publish","type":"page","link":"https:\/\/web2.upnfm.edu.hn\/face\/?page_id=8034","title":{"rendered":"DOCENTES DE EDUCACI\u00d3N PREB\u00c1SICA"},"content":{"rendered":"\t\t<div data-elementor-type=\"wp-page\" data-elementor-id=\"8034\" class=\"elementor elementor-8034\">\n\t\t\t\t\t\t\t\t\t<section class=\"elementor-section elementor-top-section elementor-element elementor-element-93eff3b elementor-section-boxed elementor-section-height-default elementor-section-height-default\" data-id=\"93eff3b\" data-element_type=\"section\">\n\t\t\t\t\t\t<div class=\"elementor-container elementor-column-gap-default\">\n\t\t\t\t\t<div class=\"elementor-column elementor-col-100 elementor-top-column elementor-element elementor-element-42992f0\" data-id=\"42992f0\" data-element_type=\"column\">\n\t\t\t<div class=\"elementor-widget-wrap elementor-element-populated\">\n\t\t\t\t\t\t\t\t<div class=\"elementor-element elementor-element-4694e78 elementor-widget elementor-widget-heading\" data-id=\"4694e78\" data-element_type=\"widget\" data-widget_type=\"heading.default\">\n\t\t\t\t<div class=\"elementor-widget-container\">\n\t\t\t<style>\/*! elementor - v3.6.7 - 03-07-2022 *\/\n.elementor-heading-title{padding:0;margin:0;line-height:1}.elementor-widget-heading .elementor-heading-title[class*=elementor-size-]>a{color:inherit;font-size:inherit;line-height:inherit}.elementor-widget-heading .elementor-heading-title.elementor-size-small{font-size:15px}.elementor-widget-heading .elementor-heading-title.elementor-size-medium{font-size:19px}.elementor-widget-heading .elementor-heading-title.elementor-size-large{font-size:29px}.elementor-widget-heading .elementor-heading-title.elementor-size-xl{font-size:39px}.elementor-widget-heading .elementor-heading-title.elementor-size-xxl{font-size:59px}<\/style><h2 class=\"elementor-heading-title elementor-size-large\">Nuestro equipo de profesionales<\/h2>\t\t<\/div>\n\t\t\t\t<\/div>\n\t\t\t\t\t<\/div>\n\t\t<\/div>\n\t\t\t\t\t\t\t<\/div>\n\t\t<\/section>\n\t\t\t\t<section class=\"elementor-section elementor-top-section elementor-element elementor-element-7ae96daf elementor-section-full_width elementor-section-height-default elementor-section-height-default\" data-id=\"7ae96daf\" data-element_type=\"section\">\n\t\t\t\t\t\t<div class=\"elementor-container elementor-column-gap-no\">\n\t\t\t\t\t<div class=\"elementor-column elementor-col-100 elementor-top-column elementor-element elementor-element-cd7620d\" data-id=\"cd7620d\" data-element_type=\"column\">\n\t\t\t<div class=\"elementor-widget-wrap elementor-element-populated\">\n\t\t\t\t\t\t\t\t<div class=\"elementor-element elementor-element-58ce0454 elementor-widget elementor-widget-text-editor\" data-id=\"58ce0454\" data-element_type=\"widget\" data-widget_type=\"text-editor.default\">\n\t\t\t\t<div class=\"elementor-widget-container\">\n\t\t\t<style>\/*! elementor - v3.6.7 - 03-07-2022 *\/\n.elementor-widget-text-editor.elementor-drop-cap-view-stacked .elementor-drop-cap{background-color:#818a91;color:#fff}.elementor-widget-text-editor.elementor-drop-cap-view-framed .elementor-drop-cap{color:#818a91;border:3px solid;background-color:transparent}.elementor-widget-text-editor:not(.elementor-drop-cap-view-default) .elementor-drop-cap{margin-top:8px}.elementor-widget-text-editor:not(.elementor-drop-cap-view-default) .elementor-drop-cap-letter{width:1em;height:1em}.elementor-widget-text-editor .elementor-drop-cap{float:left;text-align:center;line-height:1;font-size:50px}.elementor-widget-text-editor .elementor-drop-cap-letter{display:inline-block}<\/style>\t\t\t\t<section id=\"header_upnfm\" class=\"elementor-section elementor-top-section elementor-element elementor-element-55bfc76 elementor-section-full_width elementor-section-height-default elementor-section-height-default\" data-id=\"55bfc76\" data-element_type=\"section\" data-settings=\"{&quot;background_background&quot;:&quot;classic&quot;}\"><div class=\"elementor-upnfm_container elementor-column-gap-no\"><div class=\"elementor-column elementor-col-100 elementor-top-column elementor-element elementor-element-7348504\" data-id=\"7348504\" data-element_type=\"column\"><div class=\"elementor-widget-wrap elementor-element-populated\"><div class=\"elementor-element elementor-element-441a671 align-left elementor-widget elementor-widget-ansol-page-header\" data-id=\"441a671\" data-element_type=\"widget\" data-widget_type=\"ansol-page-header.default\"><div class=\"elementor-widget-upnfm_container\"><div class=\"upnfm_el-page-header\"><div class=\"overlay\">\u00a0<\/div><div class=\"upnfm_el-page-header-shape\" style=\"background-image: url('https:\/\/web2.upnfm.edu.hn\/face\/wp-content\/uploads\/2023\/02\/page-header-shape.png');\">\u00a0<\/div><div class=\"upnfm_container\"><div class=\"el-page-content\"><h2 class=\"title\">Docentes Educaci\u00f3n Preb\u00e1sica<\/h2><p><!-- <\/p>\n<p>The high technical competence combined with profound knowledge of the IT market<br \/>\n                                            offers our partners security and makes us strong.<\/p>\n<p> --><\/p><\/div><\/div><\/div><\/div><\/div><\/div><\/div><\/div><\/section>\t\t\t\t\t\t<\/div>\n\t\t\t\t<\/div>\n\t\t\t\t\t<\/div>\n\t\t<\/div>\n\t\t\t\t\t\t\t<\/div>\n\t\t<\/section>\n\t\t\t\t<section class=\"elementor-section elementor-top-section elementor-element elementor-element-46991e6e elementor-section-boxed elementor-section-height-default elementor-section-height-default\" data-id=\"46991e6e\" data-element_type=\"section\">\n\t\t\t\t\t\t<div class=\"elementor-container elementor-column-gap-default\">\n\t\t\t\t\t<div class=\"elementor-column elementor-col-100 elementor-top-column elementor-element elementor-element-3e346477\" data-id=\"3e346477\" data-element_type=\"column\">\n\t\t\t<div class=\"elementor-widget-wrap elementor-element-populated\">\n\t\t\t\t\t\t\t\t<div class=\"elementor-element elementor-element-4abc61c9 elementor-arrows-position-inside elementor-pagination-position-outside elementor-widget elementor-widget-image-carousel\" data-id=\"4abc61c9\" data-element_type=\"widget\" data-settings=\"{&quot;slides_to_show&quot;:&quot;4&quot;,&quot;navigation&quot;:&quot;both&quot;,&quot;autoplay&quot;:&quot;yes&quot;,&quot;pause_on_hover&quot;:&quot;yes&quot;,&quot;pause_on_interaction&quot;:&quot;yes&quot;,&quot;autoplay_speed&quot;:5000,&quot;infinite&quot;:&quot;yes&quot;,&quot;speed&quot;:500}\" data-widget_type=\"image-carousel.default\">\n\t\t\t\t<div class=\"elementor-widget-container\">\n\t\t\t<style>\/*! elementor - v3.6.7 - 03-07-2022 *\/\n.elementor-widget-image-carousel .swiper-container{position:static}.elementor-widget-image-carousel .swiper-container .swiper-slide figure{line-height:inherit}.elementor-widget-image-carousel .swiper-slide{text-align:center}.elementor-image-carousel-wrapper:not(.swiper-container-initialized) .swiper-slide{max-width:calc(100% \/ var(--e-image-carousel-slides-to-show, 3))}<\/style>\t\t<div class=\"elementor-image-carousel-wrapper swiper-container\" dir=\"ltr\">\n\t\t\t<div class=\"elementor-image-carousel swiper-wrapper\">\n\t\t\t\t\t\t\t\t<div class=\"swiper-slide\"><figure class=\"swiper-slide-inner\"><img decoding=\"async\" class=\"swiper-slide-image\" src=\"https:\/\/web2.upnfm.edu.hn\/face\/wp-content\/uploads\/2023\/02\/M.Sc_.-Nancy-Reyes-225x300.jpeg\" alt=\"M.Sc. Nancy Reyes\" \/><figcaption class=\"elementor-image-carousel-caption\">M.Sc. Nancy Reyes<\/figcaption><\/figure><\/div><div class=\"swiper-slide\"><figure class=\"swiper-slide-inner\"><img decoding=\"async\" class=\"swiper-slide-image\" src=\"https:\/\/web2.upnfm.edu.hn\/face\/wp-content\/uploads\/2023\/02\/M.Sc-Diosana-Quijano-225x300.jpeg\" alt=\"M.Sc Diosana Quijano\" \/><figcaption class=\"elementor-image-carousel-caption\">M.Sc Diosana Quijano<\/figcaption><\/figure><\/div><div class=\"swiper-slide\"><figure class=\"swiper-slide-inner\"><img decoding=\"async\" class=\"swiper-slide-image\" src=\"https:\/\/web2.upnfm.edu.hn\/face\/wp-content\/uploads\/2023\/02\/Lic.-Lourdes-225x300.jpeg\" alt=\"Lic. Lourdes\" \/><figcaption class=\"elementor-image-carousel-caption\">Lic. Lourdes<\/figcaption><\/figure><\/div><div class=\"swiper-slide\"><figure class=\"swiper-slide-inner\"><img decoding=\"async\" class=\"swiper-slide-image\" src=\"https:\/\/web2.upnfm.edu.hn\/face\/wp-content\/uploads\/2023\/02\/M.Ed_.-Luz-Maria-Carcamo-225x300.jpeg\" alt=\"M.Ed. Luz Maria C\u00e1rcamo\" \/><figcaption class=\"elementor-image-carousel-caption\">M.Ed. Luz Maria C\u00e1rcamo<\/figcaption><\/figure><\/div><div class=\"swiper-slide\"><figure class=\"swiper-slide-inner\"><img decoding=\"async\" class=\"swiper-slide-image\" src=\"https:\/\/web2.upnfm.edu.hn\/face\/wp-content\/uploads\/2023\/02\/Lic.-Mercedes-Gomez-225x300.jpeg\" alt=\"Lic. Mercedes G\u00f3mez\" \/><figcaption class=\"elementor-image-carousel-caption\">Lic. Mercedes G\u00f3mez<\/figcaption><\/figure><\/div><div class=\"swiper-slide\"><figure class=\"swiper-slide-inner\"><img decoding=\"async\" class=\"swiper-slide-image\" src=\"https:\/\/web2.upnfm.edu.hn\/face\/wp-content\/uploads\/2023\/02\/M.Sc-Tania-Euceda-225x300.jpeg\" alt=\"M.Sc Tania Euceda\" \/><figcaption class=\"elementor-image-carousel-caption\">M.Sc Tania Euceda<\/figcaption><\/figure><\/div>\t\t\t<\/div>\n\t\t\t\t\t\t\t\t\t\t\t\t<div class=\"swiper-pagination\"><\/div>\n\t\t\t\t\t\t\t\t\t\t\t\t\t<div class=\"elementor-swiper-button elementor-swiper-button-prev\">\n\t\t\t\t\t\t<i aria-hidden=\"true\" class=\"eicon-chevron-left\"><\/i>\t\t\t\t\t\t<span class=\"elementor-screen-only\">Previous<\/span>\n\t\t\t\t\t<\/div>\n\t\t\t\t\t<div class=\"elementor-swiper-button elementor-swiper-button-next\">\n\t\t\t\t\t\t<i aria-hidden=\"true\" class=\"eicon-chevron-right\"><\/i>\t\t\t\t\t\t<span class=\"elementor-screen-only\">Next<\/span>\n\t\t\t\t\t<\/div>\n\t\t\t\t\t\t\t\t\t<\/div>\n\t\t\t\t<\/div>\n\t\t\t\t<\/div>\n\t\t\t\t\t<\/div>\n\t\t<\/div>\n\t\t\t\t\t\t\t<\/div>\n\t\t<\/section>\n\t\t\t\t\t\t\t<\/div>\n\t\t","protected":false},"excerpt":{"rendered":"<p>Nuestro equipo de profesionales \u00a0\u00a0 Docentes Educaci\u00f3n Preb\u00e1sica M.Sc. Nancy Reyes M.Sc Diosana Quijano Lic. Lourdes M.Ed. Luz Maria C\u00e1rcamo Lic. Mercedes G\u00f3mez M.Sc Tania Euceda Previous Next<\/p>\n","protected":false},"author":1,"featured_media":0,"parent":0,"menu_order":0,"comment_status":"closed","ping_status":"closed","template":"","meta":{"footnotes":""},"class_list":["post-8034","page","type-page","status-publish","hentry"],"_links":{"self":[{"href":"https:\/\/web2.upnfm.edu.hn\/face\/index.php?rest_route=\/wp\/v2\/pages\/8034","targetHints":{"allow":["GET"]}}],"collection":[{"href":"https:\/\/web2.upnfm.edu.hn\/face\/index.php?rest_route=\/wp\/v2\/pages"}],"about":[{"href":"https:\/\/web2.upnfm.edu.hn\/face\/index.php?rest_route=\/wp\/v2\/types\/page"}],"author":[{"embeddable":true,"href":"https:\/\/web2.upnfm.edu.hn\/face\/index.php?rest_route=\/wp\/v2\/users\/1"}],"replies":[{"embeddable":true,"href":"https:\/\/web2.upnfm.edu.hn\/face\/index.php?rest_route=%2Fwp%2Fv2%2Fcomments&post=8034"}],"version-history":[{"count":0,"href":"https:\/\/web2.upnfm.edu.hn\/face\/index.php?rest_route=\/wp\/v2\/pages\/8034\/revisions"}],"wp:attachment":[{"href":"https:\/\/web2.upnfm.edu.hn\/face\/index.php?rest_route=%2Fwp%2Fv2%2Fmedia&parent=8034"}],"curies":[{"name":"wp","href":"https:\/\/api.w.org\/{rel}","templated":true}]}}